r when 630 is divided by 153?
18
Calculate the remainder when 430 is divided by 27.
25
Calculate the remainder when 645 is divided by 30.
15
What is the remainder when 23 is divided by 4?
3
Calculate the remainder when 1161 is divided by 351.
108
Calculate the remainder when 2825 is divided by 1407.
11
Calculate the remainder when 79 is divided by 63.
16
What is the remainder when 70 is divided by 20?
10
Calculate the remainder when 783 is divided by 7.
6
Calculate the remainder when 88 is divided by 34.
20
Calculate the remainder when 81 is divided by 34.
13
Calculate the remainder when 194 is divided by 44.
18
Calculate the remainder when 97 is divided by 46.
5
What is the remainder when 131 is divided by 67?
64
What is the remainder when 180 is divided by 29?
6
What is the remainder when 222 is divided by 15?
12
What is the remainder when 105 is divided by 36?
33
What is the remainder when 180 is divided by 7?
5
What is the remainder when 1209 is divided by 110?
109
Calculate the remainder when 49 is divided by 25.
24
Calculate the remainder when 1534 is divided by 44.
38
Calculate the remainder when 52 is divided by 29.
23
What is the remainder when 723 is divided by 2?
1
Calculate the remainder when 390 is divided by 13.
0
What is the remainder when 194 is divided by 33?
29
Calculate the remainder when 781 is divided by 248.
37
What is the remainder when 455 is divided by 4?
3
Calculate the remainder when 75 is divided by 19.
18
What is the remainder when 19 is divided by 2?
1
What is the remainder when 2463 is divided by 16?
15
What is the remainder when 476 is divided by 31?
11
Calculate the remainder when 429 is divided by 5.
4
Calculate the remainder when 23 is divided by 13.
10
Calculate the remainder when 18 is divided by 10.
8
Calculate the remainder when 175 is divided by 16.
15
What is the remainder when 2023 is divided by 46?
45
Calculate the remainder when 34521 is divided by 126.
123
Calculate the remainder when 7863 is divided by 524.
3
Calculate the remainder when 261 is divided by 27.
18
What is the remainder when 508 is divided by 210?
88
Calculate the remainder when 2182 is divided by 24.
22
What is the remainder when 1955 is divided by 212?
47
What is the remainder when 140 is divided by 63?
14
What is the remainder when 3381 is divided by 17?
15
What is the remainder when 1053 is divided by 356?
341
What is the remainder when 218 is divided by 53?
6
What is the remainder when 972 is divided by 528?
444
What is the remainder when 123 is divided by 42?
39
What is the remainder when 698 is divided by 165?
38
What is the remainder when 185 is divided by 46?
1
What is the remainder when 8597 is divided by 172?
169
What is the remainder when 93 is divided by 81?
12
What is the remainder when 1281 is divided by 333?
282
Calculate the remainder when 43 is divided by 15.
13
Calculate the remainder when 6174 is divided by 2056.
6
Calculate the remainder when 702 is divided by 349.
4
Calculate the remainder when 202 is divided by 190.
12
What is the remainder when 92 is divided by 14?
8
What is the remainder when 30 is divided by 20?
10
Calculate the remainder when 250 is divided by 128.
122
What is the remainder when 125 is divided by 32?
29
Calculate the remainder when 24080 is divided by 54.
50
What is the remainder when 942 is divided by 104?
6
Calculate the remainder when 391 is divided by 98.
97
Calculate the remainder when 31 is divided by 9.
4
What is the remainder when 6939 is divided by 31?
26
Calculate the remainder when 62 is divided by 57.
5
Calculate the remainder when 101 is divided by 45.
11
Calculate the remainder when 368 is divided by 133.
102
Calculate the remainder when 755 is divided by 63.
62
What is the remainder when 242 is divided by 83?
76
Calculate the remainder when 144 is divided by 71.
2
What is the remainder when 902 is divided by 302?
298
Calculate the remainder when 100 is divided by 54.
46
What is the remainder when 1216 is divided by 29?
27
Calculate the remainder when 64 is divided by 32.
0
What is the remainder when 343 is divided by 80?
23
What is the remainder when 160 is divided by 7?
6
Calculate the remainder when 1480 is divided by 363.
28
What is the remainder when 126 is divided by 64?
62
What is the remainder when 806 is divided by 300?
206
What is the remainder when 531 is divided by 76?
75
What is the remainder when 659 is divided by 136?
115
What is the remainder when 145 is divided by 28?
5
Calculate the remainder when 454 is divided by 56.
6
Calculate the remainder when 46 is divided by 12.
10
What is the remainder when 368 is divided by 124?
120
What is the remainder when 425 is divided by 107?
104
Calculate the remainder when 344 is divided by 5.
4
What is the remainder when 1636 is divided by 272?
4
What is the remainder when 596 is divided by 196?
8
What is the remainder when 412 is divided by 104?
100
Calculate the remainder when 115 is divided by 27.
7
What is the remainder when 1212 is divided by 38?
34
Calculate the remainder when 1623 is divided by 2.
1
What is the remainder when 380 is divided by 21?
2
What is the remainder when 6599 is divided by 220?
219
What is the remainder when 919 is divided by 28?
23
What is the remainder when 1887 is divided by 54?
51
Calculate the remainder when 536 is divided by 36.
32
Calculate the remainder when 1256 is divided by 106.
90
Calculate the remainder when 289 is divided by 77.
58
Calculate the remainder when 68 is divided by 26.
16
What is the remainder when 1400 is divided by 231?
14
Calculate the remainder when 798 is divided by 135.
123
What is the remainder when 24 is divided by 3?
0
What is the remainder when 8 is divided by 5?
3
Calculate the remainder when 114 is divided by 24.
18
Calculate the remainder when 748 is divided by 203.
139
Calculate the remainder when 229 is divided by 39.
34
Calculate the remainder when 1366 is divided by 87.
61
Calculate the remainder when 160 is divided by 27.
25
Calculate the remainder when 746 is divided by 68.
66
Calculate the remainder when 212 is divided by 8.
4
Calculate the remainder when 1508 is divided by 36.
32
Calculate the remainder when 65 is divided by 18.
11
What is the remainder when 970 is divided by 140?
130
Calculate the remainder when 839 is divided by 40.
39
What is the remainder when 25 is divided by 9?
7
What is the remainder when 59 is divided by 10?
9
Calculate the remainder when 558 is divided by 10.
8
What is the remainder when 1349 is divided by 9?
8
What is the remainder when 455 is divided by 42?
35
What is the remainder when 2405 is divided by 134?
127
Calculate the remainder when 720 is divided by 38.
36
Calculate the remainder when 13769 is divided by 27.
26
What is the remainder when 200 is divided by 74?
52
What is the remainder when 1727 is divided by 16?
15
Calculate the remainder when 375 is divided by 185.
5
What is the remainder when 863 is divided by 24?
23
Calculate the remainder when 1145 is divided by 37.
35
What is the remainder when 557 is divided by 43?
41
Calculate the remainder when 451 is divided by 29.
16
What is the remainder when 54 is divided by 21?
12
Calculate the remainder when 264 is divided by 45.
39
Calculate the remainder when 923 is divided by 16.
11
Calculate the remainder when 177 is divided by 17.
7
What is the remainder when 2498 is divided by 21?
20
What is the remainder when 171 is divided by 118?
53
Calculate the remainder when 214 is divided by 69.
7
Calculate the remainder when 507 is divided by 73.
69
What is the remainder when 59 is divided by 7?
3
What is the remainder when 1229 is divided by 138?
125
Calculate the remainder when 256 is divided by 244.
12
What is the remainder when 144 is divided by 98?
46
Calculate the remainder when 239 is divided by 131.
108
What is the remainder when 447 is divided by 142?
21
What is the remainder when 669 is divided by 28?
25
Calculate the remainder when 283 is divided by 252.
31
What is the remainder when 715 is divided by 236?
7
What is the remainder when 16 is divided by 7?
2
What is the remainder when 6492 is divided by 112?
108
What is the remainder when 2831 is divided by 6?
5
What is the remainder when 777 is divided by 258?
3
What is the remainder when 553 is divided 